 c?
1
Suppose -4*v = -5*v + 236. Let f = 33 - 31. Suppose -5*j + d + v = -f*d, 2*d = -5*j + 251. What is the units digit of j?
9
Let i(f) = 1305*f**2 - 77*f + 349. What is the tens digit of i(5)?
8
Let g be 9/3 - (-13 + 4)/(-3). Suppose -11*w + 8*w + 792 = g. What is the hundreds digit of w?
2
Let b = -3 - -18. Suppose b*x - 27828 = 6*x. Suppose 0 = 18*y - x - 22. What is the hundreds digit of y?
1
Let z = 58857 - 8832. What is the units digit of z?
5
Let i be (-5)/(175/30)*21/(-6). Suppose 0 = -3*b - 0*q + i*q + 6, b - 2*q = 1. Suppose 0 = -3*z - b*z + 6. What is the units digit of z?
1
Suppose 2964 = 12*c + c. Let n = c - 12. What is the units digit of n?
6
Let c = 3144 - 5490. Let q = -1205 - c. What is the hundreds digit of q?
1
What is the ten thousands digit of 2 - (3*4/(-12) - 77798) - 6?
7
Suppose -18*a = -14*a - s - 8, 5*a = 2*s + 7. Suppose -3*k + 4*v = -17 - 0, -5*k + 19 = -2*v. What is the hundreds digit of 175 + (k - (-2 + a))?
1
Let q(z) = -2787*z - 10. What is the thousands digit of q(-4)?
1
What is the thousands digit of 1*((-3)/(-21) - 131680/(-28))?
4
Let s be (-6)/(-9) - (0 - 1630/3). Suppose -4*y - 778 - s = -3*o, -5*o + 3*y + 2218 = 0. What is the tens digit of o?
4
Let k be 67/1 - 28/14. Let p = k - 33. What is the tens digit of p?
3
Let l(x) = 31*x - 3. Let u be l(-2). Let h = -113 - u. Let p = h - -134. What is the units digit of p?
6
Let k(v) = v**3 + 5*v**2 - 13*v + 10. Suppose 0 = -5*j + 7 - 42. Let y be k(j). Suppose 305 = 4*r - y*q, 0*r + 2*q = 5*r - 383. What is the units digit of r?
7
Suppose -233273 = -120*u + 242167. What is the units digit of u?
2
Suppose -5*i = -3*g - 5, 4*i - 8 = -3*g - 31. What is the units digit of ((-38490)/(-25))/6 - i/5?
7
Suppose -161*b + 1485462 + 993252 = 298935. What is the hundreds digit of b?
5
Suppose -4*t + 3*k + 9056 = -2715, t = 3*k + 2936. What is the tens digit of t?
4
Suppose 32*d + 160404 = 89*d - 89598. What is the hundreds digit of d?
3
What is the thousands digit of ((-772)/(-11580))/(28/(-30) - -1)*61589?
1
Suppose 13*x - 11*x = 25*x - 957582. What is the thousands digit of x?
1
What is the thousands digit of ((-64)/(-192))/(2/88536)?
4
Let f(d) = -d**3 - 6*d**2 + d + 14. Let o be f(-6). Suppose 3*j - 4*c - 326 = 0, -3*j - 5*c + 324 = -o*c. What is the units digit of j?
6
Let b be 4185/54 - (-1)/2. Suppose 17*r - b = 4*r. What is the tens digit of (696/9)/(2/r)?
3
Suppose 4*o = n + 10, 10 = 4*o + 3*n - 8. Suppose -5*r + 5 = -2*d - 3, -2*d + o*r = 16. What is the units digit of (d/7)/((-2)/23)?
3
What is the hundreds digit of (80/12)/(-5)*-3360?
4
Let p(w) be the second derivative of -w**3/6 + 6*w**2 + 5*w. Let n be p(-10). What is the tens digit of n/3*(4 - 78/(-12))?
7
Suppose 7*m = 18*m - 22. Suppose s = m*s - 3*n - 159, -s = 3*n - 135. What is the units digit of s?
7
Let h(r) = -4*r**3 + 17*r**2 - 2*r + 8. Let a be h(4). Suppose -4*m - a + 46 = -2*z, 0 = -m - 3*z + 4. What is the units digit of m?
7
Let s(u) = 45*u - 30*u - 41*u - 23*u - 62. What is the hundreds digit of s(-16)?
7
What is the units digit of (-1379221)/(-62) + (-1)/2?
5
Let a(s) = 9*s + 9. Let x(n) = n. Let r(d) = a(d) - 54*x(d). Let z = 2478 - 2483. What is the hundreds digit of r(z)?
2
Let n = -583 + -175. Let y = -363 - n. What is the units digit of y?
5
Suppose t - 1 - 1206 = 4*k, 4*t = 4*k + 4792. Let h = t - -425. What is the units digit of h?
0
Let g be 110 - ((-4)/(1*-4))/1. Suppose -185 = -y + g. Suppose 4*f - y = f. What is the units digit of f?
8
Let r(q) = -4*q**2 + 15*q**3 - 112 + 4*q**2 - 2*q**2 + 113. What is the units digit of r(2)?
3
Suppose -187*s = 3*n - 186*s - 3102, 5150 = 5*n - 5*s. What is the units digit of n?
3
Let t = -54954 - -88427. What is the ten thousands digit of t?
3
Let n(c) = -439*c - 377. What is the thousands digit of n(-38)?
6
Let s(w) = 59*w - 8. Let k be s(2). Let g = k + -117. What is the units digit of ((-2444)/g)/2 + (-9)/(-21)?
5
Suppose 67*k - 74*k + 6909 = 0. What is the units digit of k?
7
Suppose m + 1 + 1 = 0, 5*m - 30 = -4*n. Let w be (n/4 - 1)/(50/(-2200)). What is the units digit of (-1*w/(-24))/(1/(-24))?
6
Suppose 0 = -4*s + 2*o - 18, 2*o - 8 - 4 = s. Let f be -8*(s + 3/6). Suppose f*w = 17*w - 220. What is the tens digit of w?
4
Let c(y) = 72*y + 73. Let u be c(-1). Let n(h) = 289*h + 24. What is the hundreds digit of n(u)?
3
Let k = 3 - -22. Let f = 164 - k. What is the units digit of f?
9
Let o(i) = -3*i**2 + 8*i + 13. Let g be o(4). What is the hundreds digit of 2/g - 8152/(-24)?
3
Suppose 0 = 8*j + 35 - 67. Suppose 0 = 5*s - 25, 0*s = 3*p + j*s - 1088. What is the units digit of p?
6
Suppose 79*h - 10*h + 66*h - 8560620 = 0. What is the hundreds digit of h?
4
Let f(d) = 5*d**2 + 15. Let q be f(5). Let t be q/(-18) - (-8)/(-36). Let b(z) = -2*z - 6. What is the units digit of b(t)?
0
Let m(b) = 117*b - 1059. What is the thousands digit of m(25)?
1
Let c(z) = z**2 - 2*z + 9. Let n be c(-8). Suppose 763 + n = 2*l. What is the hundreds digit of l?
4
What is the ten thousands digit of 195036/30*(((-45)/(-6))/(-3))/(-1)?
1
Suppose -132*y + 136*y - 48 = 0. Let m be y/24 - (-153)/2. Suppose -2*w - k = -m, -3*w = -3*k - 2*k - 96. What is the tens digit of w?
3
Suppose 0 = s - 4*n - 7 + 78, -4*n = 5*s + 259. Let u = s + 103. Suppose -u = -g + 33. What is the tens digit of g?
8
Suppose 45489 - 11455 = 26*n. What is the hundreds digit of n?
3
Let k be (12/10)/((-15)/400). Let b be k/(-6) - (-14)/(-42). Suppose -4*y + 109 = z - 6, 5*y - 155 = -b*z. What is the units digit of y?
8
Let o be (-2 - 2*(-3)/(-6)) + 1. Let b(l) = l + 9. Let j be b(o). Let v(n) = -n**3 + 12*n**2 - 6*n - 8. What is the units digit of v(j)?
5
What is the units digit of 37711/5 + ((-196)/(-70) - 3)?
2
Let z(h) be the first derivative of -3*h**2/2 + 27*h + 17. Let f be z(8). Suppose -4*d = f*y - 157, -5*y + 50 + 25 = 2*d. What is the units digit of d?
0
Let l = -54 - -58. Suppose -4*a = 6*q - 8*q + 182, -3*q + 313 = l*a. What is the units digit of q?
9
What is the hundreds digit of (-117)/(-3)*(595/21 + 10)?
4
Suppose 2*i + 6 = 16. Suppose i*z = -3*z + 48. What is the units digit of 272/z + (-4)/3?
4
Let z(g) = g + 6. Let u be z(7). Let f(d) = -d**3 + 12*d**2 + 9*d - 9. Let j be f(u). Let o = j - -136. What is the units digit of o?
5
Let b(z) = 41*z**2 + 5*z - 86. Let t(y) = 14*y**2 + 2*y - 29. Let m(d) = 6*b(d) - 17*t(d). What is the units digit of m(11)?
1
Let r = 6743 - 3672. What is the thousands digit of r?
3
Let k = 12959 + -2577. What is the ten thousands digit of k?
1
Let j = 2617 + 4613. What is the hundreds digit of (j/(-21) + 2)/(6/(-21))?
1
Let v = 34 + -7. Let w = -28 + v. What is the tens digit of (w/2)/(3/18) + 135?
3
Let z(f) = 88*f**2 - 60*f - 395. What is the hundreds digit of z(-10)?
0
Let s = 3 - -166. Let h = s + 286. What is the hundreds digit of h?
4
Let b(x) be the second derivative of x**5/5 - 5*x**4/12 - 2*x**3/3 + 11*x**2/2 + x - 41. What is the units digit of b(6)?
1
Let s be ((-36)/(-20) - 1)/(6/15). Let o be (4/8)/(s/20). Suppose -o*u = 5, -2*l - 4*u + 133 + 9 = 0. What is the units digit of l?
3
Let t be 7/(-1) + 1234 + -1. Let n = t - -159. What is the units digit of n?
5
What is the hundreds digit of (-98371821)/(-3235) - 2*(-7)/10?
4
Let u(c) = c**2 + 11*c - 182. Let a be u(-20). What is the tens digit of (a/3)/((-206)/152337)?
9
Suppose 2*x - 4*r - 13456 = 0, -2*x + 9448 = -2*r - 3998. What is the units digit of x?
8
Let f(l) = -l + 17. Let b be f(18). Suppose z + 6*z = 105. What is the units digit of ((-10)/z)/((-1239)/1233 - b)?
7
Let a(k) = -10 - k - 3*k**2 - 11 + 22 + 2*k + k**3. Let o = 10 - 5. What is the tens digit of a(o)?
5
What is the tens digit of (6 - (4 - 5)) + 7376?
8
Suppose -2*k = -3*u + 55579, 5*k - 48830 + 141470 = 5*u. What is the ten thousands digit of u?
1
Let s = -67 - -76. Suppose 2*m + 1596 = s*m. What is the units digit of m?
8
Let u = 866 - -11713. What is the units digit of u?
9
Suppose 9*j + 3 - 30 = 0. Suppose -l - 1210 = -4*c - 0*l, -3*l = -6. Suppose 111 = q - 4*n, q + j*n = -2*q + c. What is the tens digit of q?
0
Let v(z) = z**2 - 4*z - 15. Let r be v(-3). Let i be -121*r*(-4)/(-24). Let o = 177 - i. What is the hundreds digit of o?
2
Let d(a) = -a + 7. Suppose -3*h = -2*k - 0*k + 1, -3*h - 4*k + 29 = 0. Suppose